lculate f(-16).
-7
Let v(i) = 5307*i - 31564. Calculate v(6).
278
Let q(o) = -o**3 + 29*o**2 + 118*o + 468. Determine q(33).
6
Let r(j) = 606602*j. Give r(0).
0
Let k(n) = n**3 - 24*n**2 + 3*n - 127. Calculate k(20).
-1667
Let c(i) = -357*i**2 + 3549*i + 24. Give c(10).
-186
Let d(k) = -2096*k + 4198. Calculate d(2).
6
Let o(w) = -390*w**2 - 34*w - 50. Calculate o(-2).
-1542
Let o(t) = -120*t**2 - 12235*t + 450. Determine o(-102).
-60
Let c(s) = -198*s + 221. What is c(2)?
-175
Let n(p) = -4262*p + 1150784. Calculate n(270).
44
Let i(n) = 3976*n - 55593. Calculate i(14).
71
Let p(k) = k**3 + 16*k**2 + 28*k - 227. What is p(-12)?
13
Let k(z) = 18143*z + 1106738. What is k(-61)?
15
Let i(h) = -12*h**2 + 6138*h - 21353. What is i(508)?
-17
Let a(s) = s**2 + 216*s + 2341. Determine a(-12).
-107
Let r(l) = -7846*l + 31283. Determine r(4).
-101
Let j(y) = 2168*y + 17286. Determine j(-8).
-58
Let y(g) = -9136*g**2 + 2329678*g + 509. Determine y(255).
-1
Let i(m) = -2*m**3 + 2*m**2 + 14274*m + 502. Calculate i(85).
-8
Let a(z) = z**3 - 170*z**2 + 7202*z - 230. Determine a(80).
-70
Let x(y) = -3464*y + 175980. Calculate x(51).
-684
Let u(d) = -45*d + 553. Determine u(57).
-2012
Let t(a) = 67*a**3 - 3105*a**2 + 1050*a + 368. Calculate t(46).
0
Let l(d) = -3*d**3 + 547*d**2 + 369*d - 279. Give l(183).
270
Let o(s) = 3188*s + 56813. What is o(-18)?
-571
Let a(w) = -15*w**2 - 960*w + 44154. What is a(31)?
-21
Let z(p) = -6095*p + 2602574. Calculate z(427).
9
Let n(g) = -113501*g - 1021580. Calculate n(-9).
-71
Let b(s) = -315*s**2 + 24198*s + 4382. What is b(77)?
-7
Let f(v) = 405*v - 26254. What is f(65)?
71
Let a(g) = g**2 + 1052*g - 872514. Calculate a(546).
-6
Let m(k) = -k**3 + 26*k**2 + 102*k - 3988. Give m(23).
-55
Let p(z) = -z**2 + 2657*z - 328553. What is p(130)?
-43
Let n(h) = -677*h**2 - 28433*h + 57. Calculate n(-42).
15
Let h(r) = -r**3 + 23*r**2 + 177*r + 485. Determine h(30).
-505
Let y(p) = 45515*p - 136134. Give y(3).
411
Let n(q) = -7*q**2 + 203*q + 7. Calculate n(20).
1267
Let a(t) = -t**2 + 109488*t - 4924936. Calculate a(45).
-1
Let p(k) = 260*k + 357. Calculate p(-2).
-163
Let t(x) = -x**3 - 52*x**2 - 69*x - 940. Determine t(-51).
-22
Let d(w) = -158*w + 45967. Give d(291).
-11
Let r(t) = -t**2 - 2143*t + 73999. What is r(34)?
-19
Let r(j) = -j**3 - 5*j**2 + 820*j + 1640. Calculate r(-2).
-12
Let v(s) = -3*s**3 + 148*s**2 - 41*s - 635. Determine v(49).
-243
Let t(q) = q**2 - 90*q + 2074. Determine t(46).
50
Let t(s) = 24*s**2 + 627*s - 602. Give t(-27).
-35
Let j(r) = -4847*r - 86916. Give j(-18).
330
Let l(o) = -2*o**3 + 12*o**2 - o - 56. Calculate l(5).
-11
Let r(i) = -i**3 + 76*i**2 - 134*i - 235. Give r(74).
801
Let q(u) = -u**3 - 190*u**2 - 330*u + 10426. Determine q(-188).
1778
Let n(h) = -h**3 + 44*h**2 - 619*h + 1260. Calculate n(24).
-2076
Let t(i) = 381867*i - 381873. Calculate t(1).
-6
Let j(h) = -h**3 + 85*h**2 + 170*h + 1073. Calculate j(87).
725
Let r(f) = 13*f**2 - 1764*f - 167. Determine r(136).
377
Let q(d) = 55046*d + 880827. Determine q(-16).
91
Let n(d) = -48728*d - 14374760. Determine n(-295).
0
Let n(v) = 2*v**3 + 12*v**2 + 6*v - 63. Determine n(-4).
-23
Let o(l) = -l**2 - 5877*l - 1309645. What is o(-232)?
-5
Let q(i) = -2*i**3 + 15*i**2 - 19*i + 76. Determine q(7).
-8
Let g(z) = -16*z - 1343. Give g(-95).
177
Let b(y) = 731759*y + 1463552. Calculate b(-2).
34
Let a(b) = 23793*b - 1046877. Give a(44).
15
Let d(c) = -c**3 + 196*c**2 - 797*c + 21. What is d(4)?
-95
Let u(n) = 1363*n**2 + 10895*n + 22. What is u(-8)?
94
Let p(u) = u**2 + 23639*u + 121. What is p(0)?
121
Let d(n) = -11344*n + 7044622. Calculate d(621).
-2
Let p(l) = -869373*l + 62594853. Give p(72).
-3
Let o(t) = -36*t**3 + 519*t**2 + 323*t - 121. Calculate o(15).
-1
Let a(s) = s**2 + 24*s - 5608. Calculate a(-93).
809
Let f(s) = s**3 - 135*s**2 + 8*s - 829. Calculate f(135).
251
Let i(u) = -438*u - 376. Determine i(2).
-1252
Let a(s) = s**3 - 20*s**2 - 351*s + 3825. What is a(28)?
269
Let r(u) = u**2 - 295*u - 603131. Determine r(-643).
3
Let g(f) = -f**3 - 3*f**2 + 1563*f - 3052. Give g(37).
19
Let m(b) = 335*b**2 + 174*b + 353. Give m(-2).
1345
Let q(o) = 17048*o + 34006. Give q(-2).
-90
Let g(a) = 15*a**2 + 237*a - 51. Give g(-16).
-3
Let v(l) = -238*l - 2768. Give v(-20).
1992
Let a(k) = 3*k**3 - 376*k**2 + 91*k + 4306. What is a(125)?
56
Let f(u) = -2572*u + 11805. Calculate f(4).
1517
Let n(a) = a**3 + 29*a**2 + 229*a + 131. Determine n(-17).
-294
Let i(c) = -109*c**2 + 86330*c - 1540. Calculate i(792).
44
Let c(y) = y**3 + 144*y**2 - 570*y - 82070. Calculate c(-144).
10
Let g(j) = j**2 + 10238*j - 617760. Calculate g(60).
120
Let r(x) = x**3 - 839*x**2 + 4997*x + 11. Calculate r(6).
5
Let t(j) = -31*j**2 + 1738*j + 101. Determine t(56).
213
Let x(r) = 59*r**2 - 1939*r + 11581. Calculate x(6).
2071
Let l(m) = -42*m**2 + 1296*m - 1296. Give l(1).
-42
Let l(u) = -115255*u - 14637394. Calculate l(-127).
-9
Let d(r) = -r**2 + 4181*r - 103958. Determine d(25).
-58
Let j(y) = y**3 - 33*y**2 + 62*y - 1890. What is j(33)?
156
Let a(o) = 119*o**2 - 2631*o + 161. Determine a(22).
-125
Let g(z) = z**2 + 151*z + 2685. Give g(-17).
407
Let p(v) = -v**3 + 18*v**2 - 242*v + 4659. What is p(19)?
-300
Let n(s) = 455*s**2 - 4539*s + 112. Give n(10).
222
Let y(d) = -2*d**3 - 23*d**2 - 152*d - 1726. Determine y(-12).
242
Let z(u) = -u**3 + 3*u**2 + 7*u - 9. Determine z(-7).
432
Let u(q) = -4*q**3 - 50*q**2 + 41*q + 324. Determine u(-13).
129
Let d(z) = -146701*z - 733508. Give d(-5).
-3
Let j(t) = -2*t**3 + 172*t**2 + 523*t + 1035. Determine j(89).
56
Let n(q) = q**2 - 9854*q - 2983526. What is n(-294)?
-14
Let c(m) = 108*m**3 - 2*m**2 - 18*m - 16. What is c(-1)?
-108
Let g(y) = -532*y - 82464. Determine g(-155).
-4
Let a(d) = -174*d**2 + 87685*d + 5534. Determine a(504).
-10
Let b(c) = c**2 - 1399*c + 416615. Calculate b(430).
-55
Let q(t) = -30*t**2 - 2313*t + 4624. Give q(2).
-122
Let h(c) = -5*c**3 + 17*c**2 + 28*c - 129. Give h(8).
-1377
Let a(j) = -9*j**2 + 390*j - 113. Calculate a(42).
391
Let p(g) = -495*g**2 - 11387*g - 43. Determine p(-23).
3
Let p(b) = -b**2 - 175*b + 5408. Determine p(27).
-46
Let q(k) = k**3 + 17*k**2 + 253*k + 3338. Calculate q(-17).
-963
Let u(b) = b**2 + 99*b - 14459. Determine u(82).
383
Let x(a) = -540*a + 2786. Determine x(5).
86
Let t(m) = m**3 - 130*m**2 - 2835*m + 339362. Calculate t(132).
-10
Let j(y) = y**2 + 77452*y - 1084575. What is j(14)?
-51
Let t(u) = 4*u**2 + 5571*u - 39194. Calculate t(7).
-1
Let x(v) = -42*v**2 + 47*v + 22. What is x(-5)?
-1263
Let l(t) = -423*t - 16020. Give l(-38).
54
Let c(t) = 4*t**3 - 2555*t**2 + 2213*t - 190757. Give c(638).
5
Let c(b) = b**2 - 121*b + 1718. Give c(66).
-1912
Let c(o) = -19181*o - 38320. Give c(-2).
42
Let n(z) = -z**3 + 43*z**2 + 247*z - 311. What is n(48)?
25
Let j(s) = 146*s - 3535. Determine j(27).
407
Let l(q) = -16896*q + 1706493. Give l(101).
-3
Let c(l) = 1249*l**2 - 231*l - 174. Give c(-2).
5284
Let c(b) = b**2 - 55*b - 8232. What is c(-68)?
132
Let m(v) = 5*v**3 - 168*v**2 - 41*v + 4705. Give m(33).
85
Let i(b) = -38*b**3 - 1596*b**2 - 35*b - 1480. Calculate i(-42).
-10
Let m(l) = -7578*l - 250084. Give m(-33).
-10
Let l(p) = p**2 - 16270*p - 472666. Calculate l(-29).
5
Let r(i) = 8*i**2 - 13*i - 713. Determine r(15).
892
Let c(i) = -2*i**2 - 173*i + 1249. Determine c(-93).
40
Let h(p) = 15434*p + 385709. Give h(-25).
-141
Let p(v) = -2*v**3 + 264*v**2 - 3313*v + 26065. Determine p(119).
4
Let b(a) = 43610*a - 523319. Calculate b(12).
1
Let l(q) = -q**3 + 1400*q - 6125. Determine l(35).
0
Let w(y) = 7*y**2 - 450*y - 13094. What is w(86)?
-22
Let r(a) = 2815*a + 136219. What is r(-49)?
-1716
Let t(h) = -h**2 + 5119*h + 1705967. What is t(-314)?
5
Let n(h) = -139666*h + 14106267. What is n(101)?
1
Let y(a) = -2*a**2 + 2508*a + 22671. Give y(-9).
-63
Let v(t) = 3*t**3 + 6*t**2 - 19547*t + 78177. Calculate v(4).
277
Let m(q) = -12*q**3 - 100*q**2 - 161*q + 53. Determine m(-6).
11
Let o(w) = w**2 - 14345*w + 100371. Give o(7).
5
Let d(a) = -2*a**2 + 2670*a + 216871. Give d(-77).
-577
Let f(b) = -b**2 + 14780*b + 73922. What is f(-5)?
-3
Let f(b) = b**3 - 220*b**2 + 3989*b + 2374. Calculate f(200).
174
Let i(z) = -52661*z - 9952926. Give i(-189).
3
Let q(k) = -11*